*l(a) - 3*z(a). List the prime factors of j(21).
2, 71
Suppose 0 = -42*h - 116119 + 393319. What are the prime factors of h?
2, 3, 5, 11
Let t(g) = -g**3 + 32*g**2 - 30*g - 29. Let c be t(31). Suppose -c*b = -2*l + 1430, -2*b = 4*l - b - 2885. List the prime factors of l.
2, 3, 5
Suppose -3*y + 11 = 2*u, -3*y - 5 = -2*u - 0*u. Suppose -4*z = z + g - 100, z + 1 = u*g. Let c = 190 + z. List the prime factors of c.
11, 19
Let n(v) = -71*v**3 + 1. Let j be n(1). Let c = 50 + j. Let z = c - -32. What are the prime factors of z?
2, 3
Let q(r) = r**3 + 9*r**2 - 3*r + 3368. List the prime factors of q(0).
2, 421
Suppose 0 = 3*t + 2*v + 6 - 1, 4*v = t - 17. Let d be t/(56/(-19) + 3). Suppose d*p = 14*p + 205. List the prime factors of p.
41
Suppose -4*j = 2*y - 44936, -4*j - 2276*y + 44930 = -2273*y. List the prime factors of j.
17, 661
Let t = 349 - 341. Suppose -1975 = -5*n - 5*i, 3*n - 1181 = 7*i - t*i. List the prime factors of n.
3, 131
Let u(g) = -7915*g - 5138. What are the prime factors of u(-5)?
3, 13, 883
Suppose -2*m - 45 = -87. Let y be (7 + -3 + 3)*270/m. Let n = y - 79. What are the prime factors of n?
11
Suppose -59*k + 2*k + 267372 = 27*k. What are the prime factors of k?
3, 1061
Let z = -17761 + 33921. List the prime factors of z.
2, 5, 101
Let n(b) = 97*b**2 + 30*b - 79. List the prime factors of n(4).
3, 59
Suppose -24 = 5*t + 1, -2*i + 347 = -3*t. Suppose -4*f + i = 4*r + 34, 81 = 2*f - r. What are the prime factors of f?
2, 19
Suppose d - 6202 = -3*b, 14436 - 2039 = 2*d + 5*b. What are the prime factors of d?
7, 883
Let x(l) = -l**3 + 8*l**2 - 8*l + 4. Let s(u) = u + 27. Let a be s(-21). Let n be x(a). List the prime factors of ((-325)/(-7) - -2) + (-12)/n.
2, 3
Suppose -87*r - 48*r = -694710. What are the prime factors of r?
2, 31, 83
Let l(u) = 22*u**2 - 120*u - 5. Let t be l(7). Let d(m) = -9*m**2 + 5*m + 3. Let g be d(4). Let h = t + g. What are the prime factors of h?
2, 7
Let v be ((-2)/8 + 0)/(4/(-1424)). Let b be -2 - (0 + v)*-1. Suppose -6*d = -b - 453. What are the prime factors of d?
2, 3, 5
Suppose 3*w = -7*j + 13401, -9*j - 13428 = -3*w - 7*j. List the prime factors of w.
2, 2237
Suppose -310 = -4*j - 30. Let w be j/9 + (2/9 - 0). Suppose 0 = -4*d - 5*x - w, 5*d - 4*x - 28 = d. What are the prime factors of d?
3
Let c(w) = 65*w - 142. Let i be c(-16). Let y = -386 - i. List the prime factors of y.
2, 199
Let m(o) = 14*o**2 + 9*o - 401. List the prime factors of m(27).
2, 157
Suppose 2*n - 5894 = -2*b, -6 = -15*b + 17*b. What are the prime factors of n?
2, 5, 59
Let y = 189 - 196. Let q(a) = 13*a**2 + 7*a + 3. What are the prime factors of q(y)?
3, 197
Suppose 3363 = 2*z + 87. Suppose -286 = 4*v - z. List the prime factors of v.
2, 13
Let k be 3/((-3)/(-11) + 0). Suppose -5*f + k = -3*j - 11, -4*j - 6 = -2*f. List the prime factors of -2*196/(-8)*j.
7
Suppose -20 = -t - 100. Let j(i) = 33*i**2 - 2*i - 6. Let k be j(2). Let w = t + k. List the prime factors of w.
2, 3, 7
Let l = 10887 + -6658. List the prime factors of l.
4229
Let s(k) = -k**2 + 2*k. Let h be s(0). Suppose o - 468 = 4*l, -2*o + 941 = -3*l - h*l. What are the prime factors of o?
2, 59
List the prime factors of ((-1)/((-3)/1))/((-1249)/(-11019927)).
17, 173
Let t be ((-4 - -5) + (-2)/6)*9. Let l(z) = -t*z + 2 - 5*z + 6 + 17*z. What are the prime factors of l(11)?
2, 37
Let s(k) = 357*k - 1082*k + 356*k + 18 - 3*k**2 + 2*k**3 + 362*k. List the prime factors of s(8).
2, 397
Let z be (-57)/(-12) - (-1)/4. Let g be 3 + (8 + -3)/z. Suppose g*x + 4*o = 172, -3*x - o + 6*o = -153. What are the prime factors of x?
2, 23
Let t(v) = 3*v - 6. Let a(p) be the third derivative of p**4/3 - 17*p**3/6 - 2*p**2. Let i(q) = 4*a(q) - 11*t(q). What are the prime factors of i(-7)?
5
Let n = -403 + 414. Suppose -n*u + 18*u = 8225. What are the prime factors of u?
5, 47
Let j(f) be the first derivative of 7*f**4/2 + f**3/3 - f**2/2 + 5*f + 45. What are the prime factors of j(3)?
389
Let p(u) = -19004*u + 67. What are the prime factors of p(-3)?
11, 5189
What are the prime factors of ((-12636)/(-72)*(-3)/(-18))/(6/19784)?
3, 13, 2473
Suppose -95923 = 23*t - 9*t - 391617. What are the prime factors of t?
21121
Let i(l) = -l**3 + 7*l**2 + 34*l - 11. Let d be i(10). Let w be 3/(-4)*30/45*-10. Suppose w*y + 4*h - 82 = 0, -3*y + d + 22 = 3*h. List the prime factors of y.
2, 7
List the prime factors of -1 + (-163650)/(-27) + (-69)/621.
2, 3, 5, 101
Suppose 5*c = 4*k + 115298, -16*c - k - 115292 = -21*c. List the prime factors of c.
2, 3, 7, 61
Suppose 2*a + 29 + 13 = 0. Let b be (4/(-2))/(a/126). Suppose 4*h - 1584 = -b*h. List the prime factors of h.
3, 11
Suppose 3*w = 6*b - 2*b + 13, -2*b = -w + 5. Suppose -2*y - 1890 = -w*v, 2*v + 5*y - 468 = 811. What are the prime factors of v?
2, 79
Let g(h) = -170*h - 513. What are the prime factors of g(-4)?
167
Suppose -191*n - 20 = -196*n. Suppose n*y - 202 = 3*y. What are the prime factors of y?
2, 101
Suppose -5*v = 141*n - 137*n - 4044, 2*n - 2022 = -v. What are the prime factors of n?
3, 337
What are the prime factors of 60759 + (-5 - (1 - 14))?
7, 8681
Suppose 97*h = 90*h + 35. Suppose 2024 = h*d + 2*a - 834, 2284 = 4*d + 4*a. What are the prime factors of d?
2, 11, 13
Let r(y) = y**2 + 2 - 160*y**3 + 2*y**2 - 33*y**3 + y**2 + 7*y. What are the prime factors of r(-1)?
2, 3
What are the prime factors of (-3366)/15*(-5920)/64?
3, 11, 17, 37
Suppose 2*o = 10, 24*j = 20*j + 2*o + 3114. What are the prime factors of j?
11, 71
Let g(f) = f**2 + 10*f - 3. Let d be g(-11). Suppose -v - d = -3*v. Let m(a) = 7*a**2 - 5*a - 4. What are the prime factors of m(v)?
2, 11
Suppose -g - z = 4*g - 5, -2*g - 4*z + 20 = 0. Let n be -3 + g + -1 + 6. Suppose -209 = -n*j - 41. List the prime factors of j.
2, 3, 7
Let p(t) = -80*t - 1661. What are the prime factors of p(-28)?
3, 193
Suppose -2*f = f + 51. Let h be f/(-4) - -2 - (-1)/(-4). What are the prime factors of (-3 + 6 - 0)*68/h?
2, 17
Let g be 1*-2*(-8 - -8 - -2). Let t(b) = -208*b - 132. What are the prime factors of t(g)?
2, 5, 7
Let w = 27362 + -12175. What are the prime factors of w?
15187
Suppose -6*x = -3*x - 612. Suppose -7*t + 5 + 2 = 0. List the prime factors of 29308/x + t/3 + -1.
11, 13
Let t(x) = 67*x**2 + 130*x - 924. List the prime factors of t(7).
7, 467
Let w = -11257 + 42446. What are the prime factors of w?
31189
List the prime factors of (-96)/(-3600) + 9955796/150.
2, 3, 5531
Let d(y) = 309*y**2 + 20*y - 84. What are the prime factors of d(8)?
2, 7, 709
Suppose 9*c = 7*c + 2, 0 = 3*n - 5*c + 353. Let i = n - -176. What are the prime factors of i?
2, 3, 5
Let m(p) = -9*p**2 + 4*p. Suppose 5 = -5*i - 0*y - y, -3*y = 0. Let x be m(i). List the prime factors of 1 - 2*x - (-2 - 2).
31
What are the prime factors of (-12)/(-3)*(-12 - (-3897)/18)?
2, 409
Let w(a) = 6. Let t(q) = 328*q - 74. Let f(c) = t(c) - 5*w(c). List the prime factors of f(3).
2, 5, 11
Let s be 1/(1/47) + 6 + -3. Suppose 2*n - s + 46 = 0. Suppose -116 = 5*u - 7*u + 2*w, n*u + 5*w = 109. What are the prime factors of u?
3, 19
Suppose -3*h + o = -31786, 2*h = -o + 17073 + 4111. What are the prime factors of h?
2, 5297
Let o(u) = 16*u**2 - 16*u - 1484. List the prime factors of o(-24).
2, 2029
What are the prime factors of (-15484)/(-2) - (-164 - -154)?
2, 3, 17, 19
Suppose 0 = 199*a - 204*a + 10. Suppose a*t + 27 = -15. Let u = -8 - t. What are the prime factors of u?
13
Suppose 430 + 43 = 11*y. Suppose 85*j - 13104 = y*j. What are the prime factors of j?
2, 3, 13
Let s(v) = -20*v**2 + 16*v - 46. Let g(m) = 18*m**2 - 16*m + 44. Let k(b) = 4*g(b) + 3*s(b). List the prime factors of k(7).
2, 257
Let t = -653 - -658. Suppose 0 = -4*s + 6*s - 3*m - 2735, m = -t*s + 6846. List the prime factors of s.
37
Suppose -1192 = -18*y + 164624. List the prime factors of y.
2, 7, 47
Let z = -7286 - -12272. Suppose -18*v = -0*v - z. What are the prime factors of v?
277
Let p = 22390 + -8635. What are the prime factors of p?
3, 5, 7, 131
Let q(i) = -3*i - 36. Let g be q(-3). List the prime factors of g/(-12) - 7/28.
2
Let c(y) = -8*y**3 + 9*y**2 + 41*y - 45. Let l(u) = -2*u**3 + 2*u**2 + 10*u - 11. Let n(q) = -2*c(q) + 9*l(q). List the prime factors of n(-7).
3, 23
Let j(r) = -r**2 + 19*r + 23. Let i be j(20). Suppose -c = 5*p - 2462,